{"id":130,"date":"2022-02-04T21:05:30","date_gmt":"2022-02-04T21:05:30","guid":{"rendered":"https:\/\/davidlopezluna.com\/?page_id=130"},"modified":"2022-02-04T21:07:14","modified_gmt":"2022-02-04T21:07:14","slug":"biografia","status":"publish","type":"page","link":"https:\/\/davidlopezluna.com\/index.php\/biografia\/","title":{"rendered":"semblanza breve"},"content":{"rendered":"\t\t<div data-elementor-type=\"wp-page\" data-elementor-id=\"130\" class=\"elementor elementor-130\" data-elementor-settings=\"[]\">\n\t\t\t\t\t\t\t<div class=\"elementor-section-wrap\">\n\t\t\t\t\t\t\t<section class=\"elementor-section elementor-top-section elementor-element elementor-element-f245379 elementor-section-boxed elementor-section-height-default elementor-section-height-default\" data-id=\"f245379\" data-element_type=\"section\">\n\t\t\t\t\t\t<div class=\"elementor-container elementor-column-gap-default\">\n\t\t\t\t\t<div class=\"elementor-column elementor-col-100 elementor-top-column elementor-element elementor-element-3e299e2\" data-id=\"3e299e2\" data-element_type=\"column\">\n\t\t\t<div class=\"elementor-widget-wrap elementor-element-populated\">\n\t\t\t\t\t\t\t\t<div class=\"elementor-element elementor-element-bf72ace elementor-widget elementor-widget-heading\" data-id=\"bf72ace\" data-element_type=\"widget\" data-widget_type=\"heading.default\">\n\t\t\t\t<div class=\"elementor-widget-container\">\n\t\t\t<style>\/*! elementor - v3.5.3 - 28-12-2021 *\/\n.elementor-heading-title{padding:0;margin:0;line-height:1}.elementor-widget-heading .elementor-heading-title[class*=elementor-size-]>a{color:inherit;font-size:inherit;line-height:inherit}.elementor-widget-heading .elementor-heading-title.elementor-size-small{font-size:15px}.elementor-widget-heading .elementor-heading-title.elementor-size-medium{font-size:19px}.elementor-widget-heading .elementor-heading-title.elementor-size-large{font-size:29px}.elementor-widget-heading .elementor-heading-title.elementor-size-xl{font-size:39px}.elementor-widget-heading .elementor-heading-title.elementor-size-xxl{font-size:59px}<\/style><h2 class=\"elementor-heading-title elementor-size-default\"><h2 dir=\"ltr\" style=\"line-height:1.42;text-align: center;margin-top:0pt;margin-bottom:0pt;\"><span style=\"font-size: 29pt; font-family: Bitter; color: rgb(255, 255, 255); background-color: transparent; font-variant-numeric: normal; font-variant-east-asian: normal; vertical-align: baseline;\">compositor | dise\u00f1ador sonoro | improvisador | performer vocal<\/span><\/h2><\/h2>\t\t<\/div>\n\t\t\t\t<\/div>\n\t\t\t\t\t<\/div>\n\t\t<\/div>\n\t\t\t\t\t\t\t<\/div>\n\t\t<\/section>\n\t\t\t\t<section class=\"elementor-section elementor-top-section elementor-element elementor-element-40d5078 elementor-section-boxed elementor-section-height-default elementor-section-height-default\" data-id=\"40d5078\" data-element_type=\"section\">\n\t\t\t\t\t\t<div class=\"elementor-container elementor-column-gap-default\">\n\t\t\t\t\t<div class=\"elementor-column elementor-col-100 elementor-top-column elementor-element elementor-element-4ee7326e\" data-id=\"4ee7326e\" data-element_type=\"column\">\n\t\t\t<div class=\"elementor-widget-wrap elementor-element-populated\">\n\t\t\t\t\t\t\t\t<div class=\"elementor-element elementor-element-5622ecab elementor-widget elementor-widget-text-editor\" data-id=\"5622ecab\" data-element_type=\"widget\" data-widget_type=\"text-editor.default\">\n\t\t\t\t<div class=\"elementor-widget-container\">\n\t\t\t<style>\/*! elementor - v3.5.3 - 28-12-2021 *\/\n.elementor-widget-text-editor.elementor-drop-cap-view-stacked .elementor-drop-cap{background-color:#818a91;color:#fff}.elementor-widget-text-editor.elementor-drop-cap-view-framed .elementor-drop-cap{color:#818a91;border:3px solid;background-color:transparent}.elementor-widget-text-editor:not(.elementor-drop-cap-view-default) .elementor-drop-cap{margin-top:8px}.elementor-widget-text-editor:not(.elementor-drop-cap-view-default) .elementor-drop-cap-letter{width:1em;height:1em}.elementor-widget-text-editor .elementor-drop-cap{float:left;text-align:center;line-height:1;font-size:50px}.elementor-widget-text-editor .elementor-drop-cap-letter{display:inline-block}<\/style>\t\t\t\t<p><!-- wp:paragraph --><\/p>\n<p>David L\u00f3pez Luna. Morelia, 1983. Obtuvo su maestr\u00eda en composici\u00f3n por la Facultad de&nbsp;<span style=\"color: var( --e-global-color-text ); font-family: var( --e-global-typography-text-font-family ), Sans-serif; font-weight: var( --e-global-typography-text-font-weight ); font-size: 1rem;\">M\u00fasica de la Universidad Nacional Aut\u00f3noma de M\u00e9xico en 2018 bajo la tutela de Jorge David&nbsp;<\/span><span style=\"color: var( --e-global-color-text ); font-family: var( --e-global-typography-text-font-family ), Sans-serif; font-weight: var( --e-global-typography-text-font-weight ); font-size: 1rem;\">Garc\u00eda con una investigaci\u00f3n art\u00edstica en torno a la incertidumbre y la indeterminaci\u00f3n como&nbsp;<\/span><span style=\"color: var( --e-global-color-text ); font-family: var( --e-global-typography-text-font-family ), Sans-serif; font-weight: var( --e-global-typography-text-font-weight ); font-size: 1rem;\">potencial creativo. Ha tomado cursos y talleres con varios de los y las compositoras de mayor&nbsp;<\/span><span style=\"color: var( --e-global-color-text ); font-family: var( --e-global-typography-text-font-family ), Sans-serif; font-weight: var( --e-global-typography-text-font-weight ); font-size: 1rem;\">trayectoria en el pa\u00eds, estudiando principalmente con Hebert V\u00e1zquez, Julio Estrada, Mar\u00eda&nbsp;<\/span><span style=\"color: var( --e-global-color-text ); font-family: var( --e-global-typography-text-font-family ), Sans-serif; font-weight: var( --e-global-typography-text-font-weight ); font-size: 1rem;\">Granillo y Santiago Astaburuaga.<\/span><\/p>\n<p>Fue becario del PECDAM (Michoac\u00e1n) emisi\u00f3n 2011, as\u00ed como del FONCA 2015-2016 en la&nbsp;<span style=\"color: var( --e-global-color-text ); font-family: var( --e-global-typography-text-font-family ), Sans-serif; font-weight: var( --e-global-typography-text-font-weight ); font-size: 1rem;\">categor\u00eda J\u00f3venes Creadores. Seleccionado para participar en la Semaine Internationale&nbsp;<\/span><span style=\"color: var( --e-global-color-text ); font-family: var( --e-global-typography-text-font-family ), Sans-serif; font-weight: var( --e-global-typography-text-font-weight ); font-size: 1rem;\">Rencontres franco-mexicaines de cr\u00e9ation musicale (Francia &#8211; M\u00e9xico) en 2018 y 2019.<\/span><\/p>\n<p>Sus obras han sido interpretadas por algunos de los ensambles de mayor trayectoria del pa\u00eds,&nbsp;<span style=\"color: var( --e-global-color-text ); font-family: var( --e-global-typography-text-font-family ), Sans-serif; font-weight: var( --e-global-typography-text-font-weight ); font-size: 1rem;\">como el Ensamble CEPROMUSIC, Ensamble \u00d3nix, Orquesta Sinf\u00f3nica de Michoac\u00e1n o por&nbsp;<\/span><span style=\"color: var( --e-global-color-text ); font-family: var( --e-global-typography-text-font-family ), Sans-serif; font-weight: var( --e-global-typography-text-font-weight ); font-size: 1rem;\">reconocidos solistas como Wilfrido Terrazas o Teresa Navarro en espacios como el Foro&nbsp;<\/span><span style=\"color: var( --e-global-color-text ); font-family: var( --e-global-typography-text-font-family ), Sans-serif; font-weight: var( --e-global-typography-text-font-weight ); font-size: 1rem;\">Internacional de M\u00fasica Nueva Manuel Enr\u00edquez, Festival Internacional de M\u00fasica&nbsp;<\/span><span style=\"color: var( --e-global-color-text ); font-family: var( --e-global-typography-text-font-family ), Sans-serif; font-weight: var( --e-global-typography-text-font-weight ); font-size: 1rem;\">Contempor\u00e1nea (Michoac\u00e1n), Festival Expresiones Contempor\u00e1neas, Ciclo de M\u00fasica de&nbsp;<\/span><span style=\"color: var( --e-global-color-text ); font-family: var( --e-global-typography-text-font-family ), Sans-serif; font-weight: var( --e-global-typography-text-font-weight ); font-size: 1rem;\">C\u00e1mara Joven, as\u00ed como por int\u00e9rpretes j\u00f3venes y ensambles emergentes.<\/span><\/p>\n<p>De entre las obras esc\u00e9nicas para las que ha hecho m\u00fasica y dise\u00f1o sonoro se destacan&nbsp;<span style=\"color: var( --e-global-color-text ); font-family: var( --e-global-typography-text-font-family ), Sans-serif; font-weight: var( --e-global-typography-text-font-weight ); font-size: 1rem;\">Coreograf\u00edas \u00cdntimas (J\u00f3venes Creadores 2018), Arqueolog\u00edas del Placer (Programa Fomento y&nbsp;<\/span><span style=\"color: var( --e-global-color-text ); font-family: var( --e-global-typography-text-font-family ), Sans-serif; font-weight: var( --e-global-typography-text-font-weight ); font-size: 1rem;\">Coinversiones 2019-2020), Arqueolog\u00edas del Placer versi\u00f3n Arder (EFIDANZA 2020), Feroz (El Aleph:&nbsp;<\/span><span style=\"color: var( --e-global-color-text ); font-family: var( --e-global-typography-text-font-family ), Sans-serif; font-weight: var( --e-global-typography-text-font-weight ); font-size: 1rem;\">Festival de Arte y Ciencia 2021) de la bailarina y core\u00f3grafa Azhareel Sierra, Llanero (39 Muestra&nbsp;<\/span><span style=\"color: var( --e-global-color-text ); font-family: var( --e-global-typography-text-font-family ), Sans-serif; font-weight: var( --e-global-typography-text-font-weight ); font-size: 1rem;\">Nacional de Teatro) y Ballenas (obra en curso) del director Rafael P\u00e9rez de la Cruz, Mon\u00f3logos&nbsp;<\/span><span style=\"color: var( --e-global-color-text ); font-family: var( --e-global-typography-text-font-family ), Sans-serif; font-weight: var( --e-global-typography-text-font-weight ); font-size: 1rem;\">para una coladera, Un ni\u00f1o llamado esp\u00edritu, entre otras, para la compa\u00f1\u00eda Andamio Teatro.<\/span><\/p>\n<p>En 2015 funda el Ensamble Extracontempor\u00e1neo, agrupaci\u00f3n enfocada tanto en la creaci\u00f3n como&nbsp;<span style=\"color: var( --e-global-color-text ); font-family: var( --e-global-typography-text-font-family ), Sans-serif; font-weight: var( --e-global-typography-text-font-weight ); font-size: 1rem;\">en la realizaci\u00f3n de m\u00fasica reciente de distintos estilos. Fund\u00f3 tambi\u00e9n el Proyecto a la&nbsp;<\/span><span style=\"color: var( --e-global-color-text ); font-family: var( --e-global-typography-text-font-family ), Sans-serif; font-weight: var( --e-global-typography-text-font-weight ); font-size: 1rem;\">mexicana, enfocado en la difusi\u00f3n de la m\u00fasica vocal del pa\u00eds del siglo XX y XXI. Colabor\u00f3 con el&nbsp;<\/span><span style=\"color: var( --e-global-color-text ); font-family: var( --e-global-typography-text-font-family ), Sans-serif; font-weight: var( --e-global-typography-text-font-weight ); font-size: 1rem;\">Ensamble de Computadoras Kurhanguni y actualmente es parte del colectivo TRAMAS &#8211; espacios de&nbsp;<\/span><span style=\"color: var( --e-global-color-text ); font-family: var( --e-global-typography-text-font-family ), Sans-serif; font-weight: var( --e-global-typography-text-font-weight ); font-size: 1rem;\">experimentaci\u00f3n art\u00edstica.<\/span><\/p>\n<p>Su trabajo creativo abarca principalmente la composici\u00f3n musical, la experimentaci\u00f3n sonora,&nbsp;<span style=\"color: var( --e-global-color-text ); font-family: var( --e-global-typography-text-font-family ), Sans-serif; font-weight: var( --e-global-typography-text-font-weight ); font-size: 1rem;\">la improvisaci\u00f3n y dise\u00f1o sonoro de obras esc\u00e9nicas y audiovisuales. Sus actuales pr\u00e1cticas&nbsp;<\/span><span style=\"color: var( --e-global-color-text ); font-family: var( --e-global-typography-text-font-family ), Sans-serif; font-weight: var( --e-global-typography-text-font-weight ); font-size: 1rem;\">musicales y de investigaci\u00f3n se enfocan en los tr\u00e1nsitos entre la creaci\u00f3n colectiva y el&nbsp;<\/span><span style=\"color: var( --e-global-color-text ); font-family: var( --e-global-typography-text-font-family ), Sans-serif; font-weight: var( --e-global-typography-text-font-weight ); font-size: 1rem;\">imaginario personal como reflejos de una manera de entender el mundo y la sociedad, as\u00ed&nbsp;<\/span><span style=\"color: var( --e-global-color-text ); font-family: var( --e-global-typography-text-font-family ), Sans-serif; font-weight: var( --e-global-typography-text-font-weight ); font-size: 1rem;\">como la construcci\u00f3n de experiencias musicales que posibiliten reflexiones acerca del arte y&nbsp;<\/span><span style=\"color: var( --e-global-color-text ); font-family: var( --e-global-typography-text-font-family ), Sans-serif; font-weight: var( --e-global-typography-text-font-weight ); font-size: 1rem;\">experiencias basadas en las relaciones personales.<\/span><\/p>\n<p><!-- \/wp:paragraph --><\/p>\t\t\t\t\t\t<\/div>\n\t\t\t\t<\/div>\n\t\t\t\t\t<\/div>\n\t\t<\/div>\n\t\t\t\t\t\t\t<\/div>\n\t\t<\/section>\n\t\t\t\t\t\t<\/div>\n\t\t\t\t\t<\/div>\n\t\t","protected":false},"excerpt":{"rendered":"<p>compositor | dise\u00f1ador sonoro | improvisador | performer vocal David L\u00f3pez Luna. Morelia, 1983. Obtuvo su maestr\u00eda en composici\u00f3n por la Facultad de&nbsp;M\u00fasica de la Universidad Nacional Aut\u00f3noma de M\u00e9xico en 2018 bajo la tutela de Jorge David&nbsp;Garc\u00eda con una investigaci\u00f3n art\u00edstica en torno a la incertidumbre y la indeterminaci\u00f3n como&nbsp;potencial creativo. Ha tomado cursos [&hellip;]<\/p>\n","protected":false},"author":1,"featured_media":0,"parent":0,"menu_order":0,"comment_status":"closed","ping_status":"closed","template":"","meta":{"footnotes":""},"_links":{"self":[{"href":"https:\/\/davidlopezluna.com\/index.php\/wp-json\/wp\/v2\/pages\/130"}],"collection":[{"href":"https:\/\/davidlopezluna.com\/index.php\/wp-json\/wp\/v2\/pages"}],"about":[{"href":"https:\/\/davidlopezluna.com\/index.php\/wp-json\/wp\/v2\/types\/page"}],"author":[{"embeddable":true,"href":"https:\/\/davidlopezluna.com\/index.php\/wp-json\/wp\/v2\/users\/1"}],"replies":[{"embeddable":true,"href":"https:\/\/davidlopezluna.com\/index.php\/wp-json\/wp\/v2\/comments?post=130"}],"version-history":[{"count":4,"href":"https:\/\/davidlopezluna.com\/index.php\/wp-json\/wp\/v2\/pages\/130\/revisions"}],"predecessor-version":[{"id":176,"href":"https:\/\/davidlopezluna.com\/index.php\/wp-json\/wp\/v2\/pages\/130\/revisions\/176"}],"wp:attachment":[{"href":"https:\/\/davidlopezluna.com\/index.php\/wp-json\/wp\/v2\/media?parent=130"}],"curies":[{"name":"wp","href":"https:\/\/api.w.org\/{rel}","templated":true}]}}